actor of 69706 and 3313128.
182
What is the greatest common factor of 31118392 and 8?
8
Calculate the highest common divisor of 17225163 and 26308.
6577
Calculate the greatest common factor of 25298 and 914.
2
Calculate the highest common factor of 522 and 3648954.
174
What is the greatest common factor of 2392296 and 480?
24
What is the highest common divisor of 163000 and 124600?
200
Calculate the highest common divisor of 2 and 213653546.
2
Calculate the highest common divisor of 275298 and 3774.
102
Calculate the greatest common divisor of 16112353 and 30473.
983
Calculate the greatest common factor of 75 and 254283795.
15
Calculate the greatest common factor of 9618997 and 247.
19
What is the greatest common divisor of 14144 and 39576?
136
Calculate the greatest common divisor of 44773187 and 1363.
1363
Calculate the greatest common factor of 44017488 and 68.
68
Calculate the greatest common factor of 45394263 and 5253.
309
What is the greatest common divisor of 143053014 and 494?
494
What is the greatest common divisor of 5680 and 292496570?
710
Calculate the highest common factor of 2385245 and 25915.
355
Calculate the greatest common factor of 11387 and 59251.
193
What is the highest common divisor of 4979708 and 12023?
1093
Calculate the greatest common divisor of 5402 and 1439852.
146
Calculate the highest common factor of 272 and 903312.
272
Calculate the highest common factor of 2340352 and 3432821.
4571
What is the greatest common factor of 18 and 2115198?
18
What is the greatest common divisor of 201564 and 1395504?
396
What is the greatest common divisor of 52478 and 408690?
38
Calculate the highest common factor of 12 and 5892988.
4
Calculate the greatest common divisor of 16736 and 4168310.
1046
Calculate the highest common factor of 5723451 and 2448.
9
Calculate the greatest common divisor of 7963520 and 64.
64
What is the highest common divisor of 6804430 and 290?
10
Calculate the highest common factor of 7556112 and 3732.
12
Calculate the greatest common divisor of 2002 and 127582.
182
What is the greatest common divisor of 17154 and 12618?
18
What is the greatest common factor of 42 and 94080126?
42
What is the highest common factor of 6763926 and 234?
78
Calculate the highest common divisor of 372 and 1538437.
31
What is the highest common factor of 24567 and 25023?
57
Calculate the highest common factor of 2288910 and 20670.
390
What is the greatest common factor of 55 and 28321?
1
Calculate the greatest common factor of 6311921 and 2233.
77
Calculate the highest common factor of 17039 and 98333618.
1549
What is the greatest common factor of 244 and 39562831?
61
Calculate the greatest common factor of 273343 and 939473.
2297
What is the highest common factor of 25377500 and 90?
10
What is the highest common factor of 84054276 and 36?
36
What is the highest common divisor of 185614693 and 55?
11
What is the highest common divisor of 2247 and 11163621?
21
What is the greatest common factor of 20419369 and 649?
59
What is the greatest common divisor of 552 and 39752?
8
Calculate the greatest common factor of 719592 and 2400.
24
What is the greatest common divisor of 10874670 and 814?
74
Calculate the highest common divisor of 90 and 14258655.
45
What is the greatest common factor of 67536238 and 23954?
826
What is the greatest common divisor of 414 and 13791582?
414
Calculate the greatest common divisor of 5869 and 89.
1
Calculate the highest common factor of 493220 and 333515.
455
Calculate the highest common divisor of 474615 and 541395.
2385
Calculate the greatest common factor of 2400 and 3283600.
400
What is the highest common factor of 2127984 and 7344?
48
What is the greatest common factor of 3648728 and 264?
8
What is the greatest common divisor of 58014419 and 8488?
1061
What is the highest common divisor of 9347662 and 824?
206
What is the greatest common divisor of 212995 and 5945?
205
Calculate the highest common divisor of 2110 and 81674935.
1055
What is the greatest common factor of 2899 and 12860510?
13
What is the greatest common divisor of 75 and 52188?
3
What is the highest common divisor of 141 and 31838176?
47
Calculate the greatest common factor of 2145 and 864237.
33
Calculate the highest common factor of 3597 and 5607206.
11
Calculate the highest common factor of 1188 and 34307108.
44
Calculate the highest common factor of 799460 and 92300.
1420
Calculate the highest common divisor of 116578 and 638.
22
What is the highest common factor of 583 and 134965136?
53
Calculate the greatest common divisor of 399417 and 4118.
29
Calculate the greatest common divisor of 799009750 and 350.
350
Calculate the greatest common factor of 3152 and 154576.
16
What is the highest common divisor of 1239 and 71309406?
1239
Calculate the highest common divisor of 432629 and 15691308.
4861
What is the highest common factor of 615 and 69480?
15
Calculate the highest common divisor of 56751489 and 27.
27
What is the highest common factor of 1827 and 2046797235?
1827
What is the highest common divisor of 1010 and 3810225?
505
Calculate the highest common factor of 115676750 and 22933.
1349
What is the highest common factor of 594936 and 1368?
72
What is the greatest common factor of 4836 and 1814748?
156
What is the highest common factor of 67 and 91773920?
67
What is the highest common factor of 10008102 and 1023?
93
Calculate the highest common factor of 92 and 706366524.
92
What is the greatest common factor of 19458 and 420210?
414
What is the highest common divisor of 8106 and 252058?
386
Calculate the greatest common factor of 154938 and 33278.
14
Calculate the greatest common factor of 12444 and 58973.
17
Calculate the highest common factor of 1370898400 and 160.
160
Calculate the highest common factor of 7403568 and 19780.
172
Calculate the highest common factor of 14164293 and 40729.
3133
Calculate the greatest common factor of 16575 and 3515889.
663
Calculate the greatest common factor of 720159 and 9196275.
5181
Calculate the greatest common factor of 1062 and 13934738.
118
What is the greatest common divisor of 629629 and 28379?
481
Calculate the highest common divisor of 781012 and 6.
2
Calculate the highest common factor of 251 and 4582256.
251
What is the greatest common divisor of 5460 and 2214030?
2730
Calculate the greatest common factor of 4620 and 3759400.
20
What is the greatest common factor of 9740 and 2208058?
974
Calculate the greatest common factor of 253 and 1921457329.
253
What is the highest common divisor of 19944 and 43272?
72
Calculate the highest common divisor of 155 and 10458935.
155
What is the highest common factor of 519702 and 1110?
222
Calculate the greatest common factor of 240142324 and 92727.
10303
Calculate the greatest common factor of 21 and 88181457.
21
Calculate the highest common factor of 106 and 140681186.
106
What is the highest common factor of 5288 and 184224?
8
Calculate the greatest common factor of 4779 and 872197.
59
Calculate the highest common factor of 25 and 5816320.
5
Calculate the greatest common factor of 34128 and 2605824.
432
Calculate the highest common factor of 992 and 305629.
31
Calculate the greatest common divisor of 12519 and 1833.
39
Calculate the highest common factor of 48120900 and 4.
4
Calculate the highest common factor of 255145 and 13374237.
4639
What is the greatest common factor of 705 and 5246892?
141
What is the highest common divisor of 2381820 and 963?
321
What is the highest common factor of 22922870 and 1935?
215
Calculate the greatest common factor of 90601 and 11954.
43
What is the highest common divisor of 91048 and 56696?
152
Calculate the highest common divisor of 232160 and 2560.
160
What is the highest common divisor of 2640561 and 1298451?
1617
What is the greatest common factor of 3744 and 25929696?
1248
Calculate the greatest common factor of 884960 and 125120.
160
Calculate the highest common factor of 4800290 and 289.
289
What is the greatest common divisor of 12200433 and 258?
129
What is the highest common divisor of 4332 and 560576?
76
What is the greatest common factor of 5861182 and 1457?
47
What is the highest common factor of 215984 and 3088?
16
What is the highest common divisor of 2124000 and 28250?
250
Calculat